{"id":65,"date":"2020-03-15T17:06:47","date_gmt":"2020-03-15T17:06:47","guid":{"rendered":"https:\/\/www.selevis.fi\/?page_id=65"},"modified":"2026-03-19T18:03:53","modified_gmt":"2026-03-19T18:03:53","slug":"ratkaisukeskeinen-lyhytterapia-ja-valmennus-pahkinankuoressa","status":"publish","type":"page","link":"https:\/\/www.selevis.fi\/?page_id=65","title":{"rendered":"Ratkaisukeskeinen lyhytterapia ja valmennus p\u00e4hkin\u00e4nkuoressa"},"content":{"rendered":"\n<p>Ratkaisukeskeisess\u00e4 lyhytterapiassa ja valmennuksessa k\u00e4ytetyt menetelm\u00e4t t\u00e4ht\u00e4\u00e4v\u00e4t niiden voimavarojen tunnistamiseen, jotka mahdollistavat halutun muutoksen. Ratkaisukeskeisen lyhytterapian ja valmennuksen menetelm\u00e4t pohjautuvat psykologiseen teoriaan ja niit\u00e4 on tuloksellisesti hy\u00f6dynnetty viimevuosina muun muassa koulutustoiminnassa ja johtamisessa. Useissa maissa menetelmi\u00e4 hy\u00f6dynnet\u00e4\u00e4n erityisesti kasvatus- ja sosiaality\u00f6ss\u00e4 niiden tehokkuuden ja toiminnallisuuden vuoksi.<\/p>\n\n\n\n<p>Ratkaisukeskeinen lyhytterapia ja valmennus on kirjaimellisesti lyhytkestoista ja ongelmien sijaan ty\u00f6skentelyss\u00e4 keskityt\u00e4\u00e4n ratkaisujen l\u00f6yt\u00e4miseen. <\/p>\n\n\n\n<p class=\"has-normal-font-size\"><strong>Ratkaisu- ja voimavarasuuntautuneelle ty\u00f6skentelylle ominaista:<\/strong><\/p>\n\n\n\n<ul class=\"wp-block-list\"><li>Asiakasl\u00e4ht\u00f6isyys<\/li><li>Voimavarakeskeisyys<\/li><li>Tavoitel\u00e4ht\u00f6isyys<\/li><\/ul>\n\n\n\n<ul class=\"wp-block-list\"><li>Onnistumisien tunnistaminen<\/li><li>Edistysten huomioiminen<\/li><\/ul>\n\n\n\n<ul class=\"wp-block-list\"><li>Kielen merkityksen tunnistaminen <\/li><li>Ongelmien uudelleen m\u00e4\u00e4rittely<\/li><\/ul>\n\n\n\n<p><em><strong>Ratkaisukeskeisen ty\u00f6skentelyn tavoitteena on l\u00f6yt\u00e4\u00e4 ne voimavarat, jotka mahdollistavat haastavassa el\u00e4m\u00e4ntilanteesta eteenp\u00e4in p\u00e4\u00e4semisen.&nbsp;&nbsp;<\/strong> <\/em><\/p>\n\n\n\n<figure class=\"wp-block-embed is-type-video is-provider-youtube wp-block-embed-youtube wp-embed-aspect-16-9 wp-has-aspect-ratio\"><div class=\"wp-block-embed__wrapper\">\n<iframe loading=\"lazy\" title=\"How Solution Focus Coaching Works (www.atom-wave.com)\" width=\"640\" height=\"360\" src=\"https:\/\/www.youtube.com\/embed\/JX2FnFUqLMo?feature=oembed\" frameborder=\"0\" allow=\"accelerometer; autoplay; clipboard-write; encrypted-media; gyroscope; picture-in-picture; web-share\" referrerpolicy=\"strict-origin-when-cross-origin\" allowfullscreen><\/iframe>\n<\/div><\/figure>\n","protected":false},"excerpt":{"rendered":"<p>Ratkaisukeskeisess\u00e4 lyhytterapiassa ja valmennuksessa k\u00e4ytetyt menetelm\u00e4t t\u00e4ht\u00e4\u00e4v\u00e4t niiden voimavarojen tunnistamiseen, jotka mahdollistavat halutun muutoksen. Ratkaisukeskeisen lyhytterapian ja valmennuksen menetelm\u00e4t pohjautuvat psykologiseen teoriaan ja niit\u00e4 on tuloksellisesti hy\u00f6dynnetty viimevuosina muun muassa koulutustoiminnassa ja johtamisessa. Useissa maissa menetelmi\u00e4 hy\u00f6dynnet\u00e4\u00e4n erityisesti kasvatus- ja sosiaality\u00f6ss\u00e4 niiden tehokkuuden ja toiminnallisuuden vuoksi. Ratkaisukeskeinen lyhytterapia ja valmennus on kirjaimellisesti lyhytkestoista ja ongelmien &hellip; <\/p>\n<p class=\"link-more\"><a href=\"https:\/\/www.selevis.fi\/?page_id=65\" class=\"more-link\">Jatka lukemista<span class=\"screen-reader-text\"> &#8221;Ratkaisukeskeinen lyhytterapia ja valmennus p\u00e4hkin\u00e4nkuoressa&#8221;<\/span><\/a><\/p>\n","protected":false},"author":1,"featured_media":264,"parent":0,"menu_order":0,"comment_status":"closed","ping_status":"closed","template":"","meta":{"footnotes":""},"class_list":["post-65","page","type-page","status-publish","has-post-thumbnail","hentry","entry"],"_links":{"self":[{"href":"https:\/\/www.selevis.fi\/index.php?rest_route=\/wp\/v2\/pages\/65","targetHints":{"allow":["GET"]}}],"collection":[{"href":"https:\/\/www.selevis.fi\/index.php?rest_route=\/wp\/v2\/pages"}],"about":[{"href":"https:\/\/www.selevis.fi\/index.php?rest_route=\/wp\/v2\/types\/page"}],"author":[{"embeddable":true,"href":"https:\/\/www.selevis.fi\/index.php?rest_route=\/wp\/v2\/users\/1"}],"replies":[{"embeddable":true,"href":"https:\/\/www.selevis.fi\/index.php?rest_route=%2Fwp%2Fv2%2Fcomments&post=65"}],"version-history":[{"count":10,"href":"https:\/\/www.selevis.fi\/index.php?rest_route=\/wp\/v2\/pages\/65\/revisions"}],"predecessor-version":[{"id":194,"href":"https:\/\/www.selevis.fi\/index.php?rest_route=\/wp\/v2\/pages\/65\/revisions\/194"}],"wp:featuredmedia":[{"embeddable":true,"href":"https:\/\/www.selevis.fi\/index.php?rest_route=\/wp\/v2\/media\/264"}],"wp:attachment":[{"href":"https:\/\/www.selevis.fi\/index.php?rest_route=%2Fwp%2Fv2%2Fmedia&parent=65"}],"curies":[{"name":"wp","href":"https:\/\/api.w.org\/{rel}","templated":true}]}}